 6) in base 5?
-41
46 (base 7) to base 5
114
What is 2 (base 4) in base 10?
2
What is -100 (base 2) in base 4?
-10
-11 (base 16) to base 7
-23
Convert -3 (base 5) to base 7.
-3
What is 7 (base 9) in base 10?
7
Convert 12 (base 7) to base 2.
1001
Convert -2 (base 12) to base 4.
-2
Convert 89 (base 12) to base 7.
210
What is 1 (base 12) in base 2?
1
What is 101 (base 4) in base 7?
23
What is -8 (base 14) in base 10?
-8
What is -62 (base 10) in base 15?
-42
Convert 28 (base 15) to base 7.
53
10 (base 3) to base 9
3
Convert -4 (base 5) to base 7.
-4
Convert -3 (base 10) to base 9.
-3
-5 (base 14) to base 9
-5
Convert 3c (base 16) to base 3.
2020
-10 (base 9) to base 4
-21
-11110 (base 2) to base 5
-110
Convert -4 (base 13) to base 10.
-4
Convert -6 (base 16) to base 10.
-6
Convert 54 (base 7) to base 5.
124
Convert -202 (base 4) to base 6.
-54
What is -1101 (base 4) in base 5?
-311
Convert -1 (base 5) to base 6.
-1
Convert -16 (base 9) to base 15.
-10
What is 1 (base 11) in base 4?
1
What is 0 (base 4) in base 5?
0
Convert b (base 14) to base 15.
b
-1202 (base 6) to base 14
-16a
What is -8 (base 13) in base 11?
-8
51 (base 11) to base 4
320
Convert 0 (base 4) to base 6.
0
Convert 0 (base 7) to base 2.
0
Convert 1101 (base 2) to base 3.
111
What is 2c (base 15) in base 2?
101010
What is 111 (base 3) in base 4?
31
What is -22 (base 5) in base 4?
-30
Convert 4 (base 11) to base 6.
4
1 (base 4) to base 15
1
What is -d (base 16) in base 2?
-1101
Convert -4 (base 8) to base 12.
-4
What is -3 (base 13) in base 6?
-3
What is 0 (base 7) in base 2?
0
What is -3 (base 10) in base 11?
-3
-1 (base 10) to base 2
-1
-6 (base 15) to base 10
-6
What is -332 (base 6) in base 16?
-80
Convert 1013 (base 5) to base 2.
10000101
What is 110000 (base 2) in base 4?
300
0 (base 5) to base 2
0
What is 23 (base 6) in base 16?
f
Convert 323 (base 7) to base 12.
118
1 (base 2) to base 5
1
What is 3 (base 4) in base 8?
3
What is 142 (base 5) in base 15?
32
5 (base 7) to base 8
5
Convert -356 (base 7) to base 13.
-116
What is -4 (base 11) in base 5?
-4
-3 (base 9) to base 5
-3
Convert -14 (base 9) to base 14.
-d
Convert -56 (base 7) to base 11.
-38
Convert -34 (base 11) to base 16.
-25
-a (base 11) to base 9
-11
Convert -2 (base 9) to base 3.
-2
3 (base 7) to base 12
3
20 (base 6) to base 3
110
200 (base 11) to base 3
22222
Convert 50 (base 8) to base 11.
37
Convert -2 (base 16) to base 5.
-2
-ae (base 16) to base 4
-2232
What is 2 (base 11) in base 12?
2
-14 (base 5) to base 9
-10
What is -10 (base 9) in base 3?
-100
What is -1 (base 15) in base 11?
-1
11 (base 4) to base 5
10
Convert -f (base 16) to base 2.
-1111
What is 2312 (base 4) in base 3?
20202
Convert -6 (base 10) to base 2.
-110
Convert -22 (base 4) to base 14.
-a
-224 (base 5) to base 9
-71
What is 3b (base 15) in base 9?
62
0 (base 3) to base 12
0
147 (base 10) to base 7
300
Convert 3 (base 10) to base 13.
3
Convert 136 (base 12) to base 5.
1221
Convert 140 (base 6) to base 15.
40
4 (base 13) to base 14
4
Convert b (base 16) to base 8.
13
Convert 3 (base 14) to base 13.
3
-32 (base 7) to base 6
-35
Convert 6 (base 16) to base 3.
20
-19 (base 11) to base 5
-40
de (base 15) to base 2
11010001
What is -49 (base 10) in base 3?
-1211
Convert -2133 (base 4) to base 9.
-186
Convert -7 (base 15) to base 2.
-111
Convert -11000 (base 2) to base 9.
-26
-91 (base 16) to base 11
-122
0 (base 16) to base 13
0
What is 75 (base 9) in base 15?
48
0 (base 10) to base 4
0
122 (base 6) to base 8
62
Convert 1 (base 4) to base 12.
1
306 (base 8) to base 3
21100
What is 11 (base 4) in base 15?
5
What is -59 (base 13) in base 4?
-1022
What is 1 (base 2) in base 5?
1
64 (base 13) to base 15
57
35 (base 11) to base 5
123
What is 2 (base 9) in base 11?
2
What is 11 (base 11) in base 14?
c
Convert 18 (base 9) to base 14.
13
Convert -57 (base 16) to base 5.
-322
-2a6 (base 12) to base 8
-636
-19 (base 14) to base 4
-113
Convert 12 (base 7) to base 9.
10
-11 (base 14) to base 9
-16
What is 114 (base 6) in base 10?
46
-3 (base 7) to base 11
-3
What is -10 (base 8) in base 3?
-22
What is 11212 (base 3) in base 13?
a1
What is 128 (base 14) in base 15?
107
Convert 302 (base 4) to base 2.
110010
112 (base 3) to base 9
15
Convert -22 (base 10) to base 13.
-19
What is 11 (base 6) in base 3?
21
What is -433 (base 7) in base 4?
-3130
2 (base 10) to base 8
2
What is 24 (base 15) in base 8?
42
Convert 113 (base 7) to base 2.
111011
-17 (base 9) to base 15
-11
Convert 2 (base 15) to base 5.
2
-222 (base 7) to base 9
-136
52 (base 6) to base 3
1012
-2 (base 9) to base 14
-2
Convert -111011 (base 2) to base 10.
-59
Convert -112 (base 3) to base 16.
-e
Convert -4 (base 8) to base 4.
-10
Convert -3 (base 15) to base 9.
-3
Convert -48 (base 16) to base 8.
-110
1033 (base 4) to base 7
142
0 (base 2) to base 16
0
What is 2 (base 14) in base 11?
2
101111 (base 2) to base 10
47
-2 (base 14) to base 6
-2
What is -110 (base 3) in base 7?
-15
Convert 4c (base 13) to base 12.
54
What is 3 (base 4) in base 3?
10
Convert -1 (base 7) to base 5.
-1
What is 3 (base 13) in base 14?
3
What is 2 (base 12) in base 6?
2
8 (base 11) to base 7
11
Convert 433 (base 6) to base 3.
20010
10 (base 8) to base 6
12
Convert -1015 (base 6) to base 14.
-123
-2 (base 6) to base 5
-2
What is 1 (base 6) in base 12?
1
1 (base 16) to base 2
1
6 (base 8) to base 13
6
What is -20 (base 10) in base 15?
-15
What is 7 (base 10) in base 15?
7
Convert 0 (base 15) to base 12.
0
-30 (base 14) to base 5
-132
1101 (base 3) to base 10
37
What is 10 (base 2) in base 6?
2
6 (base 14) to base 2
110
What is -1a1 (base 11) in base 14?
-128
254 (base 10) to base 4
3332
What is 14c (base 13) in base 5?
1413
What is 14 (base 15) in base 13?
16
-17 (base 13) to base 5
-40
What is -10 (base 6) in base 3?
-20
What is -97 (base 15) in base 16?
-8e
Convert -2031 (base 5) to base 15.
-12b
Convert e (base 16) to base 12.
12
What is 3 (base 11) in base 7?
3
Convert -3 (base 4) to base 16.
-3
-5 (base 6) to base 9
-5
13 (base 9) to base 4
30
Convert 3 (base 5) to base 10.
3
Convert -5 (base 13) to base 6.
-5
Convert 4 (base 9) to base 4.
10
-203 (base 4) to base 3
-1022
Convert 204 (base 5) to base 14.
3c
What is -31 (base 8) in base 2?
-11001
Convert 29 (base 12) to base 2.
100001
4 (base 7) to base 8
4
What is 99 (base 15) in base 13?
b1
154 (base 11) to base 2
10110100
-246 (base 8) to base 3
-20011
What is -e (base 15) in base 16?
-e
What is -1b (base 15) in base 16?
-1a
-43 (base 13) to base 2
-110111
22 (base 14) to base 5
110
Convert -221 (base 3) to base 15.
-1a
2 (base 12) to base 11
2
-4a (base 12) to base 14
-42
Convert a (base 16) to base 14.
a
What is 134 (base 8) in base 3?
10102
Convert 13 (base 5) to base 12.
8
What is -1052 (base 6) in base 14?
-13a
Convert 36 (base 12) to base 11.
39
What is 1 (base 10) in base 2?
1
Convert 2 (base 3) to base 13.
2
-1200 (base 3) to base 9
-50
20 (base 5) to base 8
12
What is -92 (base 15) in base 9?
-162
5 (base 12) to base 10
5
10 (base 4) to base 14
4
Convert -b1 (base 15) to base 13.
-ca
-4 (base 6) to base 8
-4
What is -6c (base 15) in base 4?
-1212
4 (base 11) to base 3
11
What is 33 (base 9) in base 6?
50
33 (base 4) to base 11
14
What is 7 (base 13) in base 6?
11
Convert 2 (base 12) to base 8.
2
Convert -2 (base 10) to base 16.
-2
112 (base 4) to base 8
26
Convert 3 (base 16) to base 15.
3
4 (base 10) to base 2
100
Convert -404 (base 6) to base 16.
-94
5 (base 16) to base 10
5
What is -22 (base 14) in base 11?
-28
-1112 (base 4) to base 5
-321
Convert -1a5 (base 14) to base 5.
-2331
What is -12 (base 12) in base 8?
-16
Convert -7 (base 15) to base 12.
-7
Convert 3 (base 14) to base 6.
3
Convert 208 (base 11) to base 14.
13c
-34 (base 7) to base 5
-100
1 (base 12) to base 3
1
-120 (base 3) to base 12
-13
What is 13 (base 8) in base 14?
b
What is -39 (base 13) in base 14?
-36
Convert -100110 (base 2) to base 4.
-212
-101 (base 2) to base 4
-11
Convert -1010 (base 2) to base 3.
-101
Convert -3 (base 6) to base 7.
-3
10 (base 4) to base 8
4
What is 1 (base 13) in base 16?
1
-111 (base 15) to base 16
-f1
What is 232 (base 5) in base 13?
52
What is 1 (base 11) in base 13?
1
-10 (base 4) to base 13
-4
2 (base 7) to base 6
2
-6 (base 16) to base 15
-6
What is 8 (base 1